factors of 330214?
2, 41, 4027
List the prime factors of 14338790.
2, 5, 89, 16111
List the prime factors of 385502.
2, 13, 14827
What are the prime factors of 1117583?
431, 2593
What are the prime factors of 1420343?
769, 1847
What are the prime factors of 2062787?
37, 197, 283
List the prime factors of 1102794.
2, 3, 7, 11, 31
List the prime factors of 15616969.
251, 62219
What are the prime factors of 342946?
2, 171473
List the prime factors of 19698759.
3, 2188751
List the prime factors of 191530.
2, 5, 107, 179
List the prime factors of 141313.
251, 563
What are the prime factors of 219230?
2, 5, 11, 1993
List the prime factors of 14832748.
2, 7, 529741
What are the prime factors of 170212?
2, 7, 6079
What are the prime factors of 8510639?
8510639
What are the prime factors of 802822?
2, 401411
What are the prime factors of 29719018?
2, 7, 31, 68477
List the prime factors of 5958.
2, 3, 331
List the prime factors of 3879142.
2, 1939571
List the prime factors of 13297043.
17, 79, 9901
List the prime factors of 1051147.
1051147
What are the prime factors of 280093?
11, 25463
List the prime factors of 3401139.
3, 7, 17, 1361
List the prime factors of 5954928.
2, 3, 7, 37, 479
List the prime factors of 22940329.
22940329
List the prime factors of 265749.
3, 11, 8053
What are the prime factors of 6908030?
2, 5, 283, 2441
What are the prime factors of 12613271?
11, 1146661
What are the prime factors of 582441?
3, 149, 1303
What are the prime factors of 1294353?
3, 47939
List the prime factors of 5933028.
2, 3, 31, 41, 389
List the prime factors of 16428387.
3, 1789, 3061
List the prime factors of 1322818.
2, 7, 19, 4973
List the prime factors of 4860894.
2, 3, 810149
List the prime factors of 2551014.
2, 3, 29, 181
What are the prime factors of 81579?
3, 71, 383
What are the prime factors of 22399918?
2, 31, 47, 7687
What are the prime factors of 27692223?
3, 13, 127, 5591
List the prime factors of 85551.
3, 28517
What are the prime factors of 355439?
7, 50777
List the prime factors of 466818.
2, 3, 11, 643
List the prime factors of 802872.
2, 3, 7, 59
What are the prime factors of 2209873?
1451, 1523
What are the prime factors of 100079?
7, 17, 29
What are the prime factors of 20536494?
2, 3, 11, 379, 821
What are the prime factors of 36427?
73, 499
List the prime factors of 851315.
5, 170263
What are the prime factors of 5384708?
2, 7, 83, 331
List the prime factors of 147749.
7, 21107
List the prime factors of 271145.
5, 7, 61, 127
What are the prime factors of 2049874?
2, 37, 27701
What are the prime factors of 15658380?
2, 3, 5, 107, 271
What are the prime factors of 19387?
19387
List the prime factors of 595689.
3, 29, 41, 167
What are the prime factors of 9027363?
3, 331, 9091
What are the prime factors of 3824878?
2, 919, 2081
List the prime factors of 611520.
2, 3, 5, 7, 13
List the prime factors of 2117959.
113, 18743
What are the prime factors of 6268307?
223, 28109
What are the prime factors of 1693130?
2, 5, 169313
What are the prime factors of 5270576?
2, 29, 37, 307
List the prime factors of 7348720.
2, 5, 97, 947
What are the prime factors of 279909?
3, 7, 1481
What are the prime factors of 1260953?
523, 2411
List the prime factors of 139861.
139861
What are the prime factors of 225783?
3, 25087
List the prime factors of 309706.
2, 17, 9109
What are the prime factors of 11796080?
2, 5, 147451
What are the prime factors of 5336766?
2, 3, 79, 139
List the prime factors of 20761228.
2, 61, 85087
List the prime factors of 10724066.
2, 5362033
List the prime factors of 652794.
2, 3, 108799
List the prime factors of 474419.
11, 17, 43, 59
What are the prime factors of 3379583?
17, 61, 3259
List the prime factors of 3309205.
5, 113, 5857
What are the prime factors of 364649?
353, 1033
List the prime factors of 792527.
443, 1789
What are the prime factors of 1793285?
5, 13, 47, 587
List the prime factors of 83510.
2, 5, 7, 1193
What are the prime factors of 58170?
2, 3, 5, 7, 277
What are the prime factors of 8458657?
8458657
What are the prime factors of 185222?
2, 37, 2503
What are the prime factors of 302197?
7, 23, 1877
List the prime factors of 1229296.
2, 76831
What are the prime factors of 386530?
2, 5, 38653
List the prime factors of 441031.
17, 25943
What are the prime factors of 5435577?
3, 7, 19, 239
What are the prime factors of 4019487?
3, 29, 47, 983
What are the prime factors of 988679?
257, 3847
List the prime factors of 6800463.
3, 61, 4129
List the prime factors of 1136279.
421, 2699
List the prime factors of 3072684.
2, 3, 256057
List the prime factors of 6190401.
3, 7, 294781
List the prime factors of 414828.
2, 3, 23, 167
List the prime factors of 3028835.
5, 433, 1399
What are the prime factors of 2486534?
2, 197, 6311
List the prime factors of 632144.
2, 39509
List the prime factors of 6014542.
2, 29, 103699
What are the prime factors of 7991494?
2, 7, 570821
What are the prime factors of 1451375?
5, 17, 683
What are the prime factors of 1526538?
2, 3, 13, 19571
What are the prime factors of 565140?
2, 3, 5, 9419
List the prime factors of 16593904.
2, 17, 61007
What are the prime factors of 529843?
41, 12923
List the prime factors of 13204346.
2, 23, 151, 1901
What are the prime factors of 545663?
545663
List the prime factors of 5055168.
2, 3, 113, 233
List the prime factors of 19445443.
19445443
List the prime factors of 69487.
11, 6317
List the prime factors of 163035.
3, 5, 3623
List the prime factors of 661127.
157, 4211
List the prime factors of 5621906.
2, 43, 65371
What are the prime factors of 410937?
3, 136979
What are the prime factors of 5791553?
163, 35531
List the prime factors of 888874.
2, 7, 173, 367
List the prime factors of 275541.
3, 7, 13121
List the prime factors of 692672.
2, 79, 137
What are the prime factors of 1008180?
2, 3, 5, 1867
List the prime factors of 1566716.
2, 391679
List the prime factors of 8151218.
2, 4075609
List the prime factors of 17590046.
2, 67, 149, 881
List the prime factors of 10772198.
2, 397, 13567
List the prime factors of 12463919.
13, 73751
What are the prime factors of 6315789?
3, 17, 37, 3347
List the prime factors of 478815.
3, 5, 137, 233
List the prime factors of 2281106.
2, 607, 1879
List the prime factors of 6960353.
6960353
List the prime factors of 5020212.
2, 3, 418351
What are the prime factors of 329127?
3, 31, 3539
List the prime factors of 94872.
2, 3, 59, 67
What are the prime factors of 522178?
2, 261089
List the prime factors of 30308378.
2, 43, 352423
What are the prime factors of 28735421?
11, 13, 37, 5431
List the prime factors of 143263.
143263
List the prime factors of 323116.
2, 80779
List the prime factors of 2940199.
1187, 2477
What are the prime factors of 2933728?
2, 7, 1871
What are the prime factors of 6711923?
17, 394819
What are the prime factors of 391184?
2, 23, 1063
List the prime factors of 1817587.
151, 12037
What are the prime factors of 5278381?
17, 41, 7573
What are the prime factors of 4186050?
2, 3, 5, 11, 43, 59
What are the prime factors of 2613883?
2613883
List the prime factors of 604382.
2, 302191
What are the prime factors of 22101?
3, 53, 139
What are the prime factors of 2167992?
2, 3, 10037
List the prime factors of 4793487.
3, 1597829
What are the prime factors of 408994?
2, 19, 47, 229
What are the prime factors of 620799?
3, 206933
List the prime factors of 719642.
2, 7, 11, 4673
What are the prime factors of 255091?
79, 3229
What are the prime factors of 565213?
11, 51383
List the prime factors of 173194.
2, 7, 89, 139
What are the prime factors of 1271599?
7, 25951
List the prime factors of 6076175.
5, 7, 34721
What are the prime factors of 406038?
2, 3, 31, 37, 59
List the prime factors of 1320546.
2, 3, 127, 1733
List the prime factors of 1590354.
2, 3, 9817
List the prime factors of 244448.
2, 7639
What are the prime factors of 308929?
308929
List the prime factors of 579567.
3, 193189
What are the prime factors of 95044?
2, 23761
What are the prime factors of 61856?
2, 1933
List the prime factors of 69439.
69439
List the prime factors of 591381.
3, 7, 149
List the prime factors of 34640642.
2, 17320321
What are the prime factors of 33748?
2, 11, 13, 59
List the prime factors of 524203.
524203
What a